2, 5
Let r = 9 + -2. Suppose y - r - 2 = 0. List the prime factors of y.
3
Let f be 3*(-4)/(-1 - 3). Suppose 4*d = f*c + 55, 16 - 61 = -3*d + 3*c. What are the prime factors of d?
2, 5
Suppose 0 = z - 1 + 4. Let k be (z - -47) + (-1 - -2). Suppose 5*i - k = -0*i. List the prime factors of i.
3
Let v = -204 - -129. Let k = -38 - v. Suppose -2*s = -2*u - 12, -3 = -5*s + 3*u + k. What are the prime factors of s?
11
Let o = 139 - 19. List the prime factors of o.
2, 3, 5
Let p(s) = s**3 + s**2 + s + 50. What are the prime factors of p(0)?
2, 5
Let r(h) be the second derivative of -h**5/20 + 5*h**4/12 + h**3/6 - 5*h**2/2 - 3*h. What are the prime factors of r(4)?
3, 5
Let w = -7 - -9. Let m be -1*(w - (3 - 0)). Let v = m + 4. List the prime factors of v.
5
Let w(t) = -t. Let y be w(1). What are the prime factors of 0 + y + (54 - -3)?
2, 7
Let m(n) = -1 - 2*n + n**2 + 4 + 0. List the prime factors of m(5).
2, 3
Let z(x) = -14*x - 3. Let w be 4/(-22) - (-40)/(-22). What are the prime factors of z(w)?
5
Let h = -28 + 63. List the prime factors of h.
5, 7
Let b be (-33)/(-18) - (-1)/6. Suppose 5*k + 7 = -4*v + 51, -b = -3*v + 4*k. Suppose 2*c - v = -0*c. What are the prime factors of c?
3
Let i be 4/(-10) + (-134)/(-10). Suppose 3*n = 5 - 2. Let l = i + n. What are the prime factors of l?
2, 7
Let o = -1 - 4. Let u be (o/4)/(3/(-12)). Suppose 4*x = 4*g - 36, 2*g + u = 3*g + x. List the prime factors of g.
7
Suppose -5*x - 4 = 11. Let f be (x + 2/(-1))*1. Let q = f - -17. What are the prime factors of q?
2, 3
Let o(n) = -7*n - 1. Let t(c) be the third derivative of 9*c**4/8 + 2*c**3/3 + c**2. Let s(w) = -9*o(w) - 2*t(w). What are the prime factors of s(1)?
2, 5
Let p be -1 + (9/3 - 0). Let c = 12 - 7. Suppose -c = p*x - 3*x. What are the prime factors of x?
5
Suppose -5*s + 4*c = -29, -5*c = -3*s + 26 - 6. Suppose -s*o + z + 30 = 0, 2*z + 10 = 4*o - 20. List the prime factors of o.
5
Suppose 4*v - 88 - 192 = 0. Suppose -5*m + 0*m = -v. What are the prime factors of m?
2, 7
Let l(c) = 5*c + 5. Let s(p) = -11*p - 11. Let d(a) = -13*l(a) - 6*s(a). Let u be d(3). List the prime factors of 2*1*6/u.
3
Let u = 35 + -18. Let c be 31/(-3) - (-2)/6. Let m = c + u. List the prime factors of m.
7
Let o(w) = -w**3 - 8*w**2 + 9*w + 7. What are the prime factors of o(-9)?
7
Let q = -1 - -18. List the prime factors of q.
17
Suppose -r + 5 = 4*d, d - 3*r - 8 = -r. Suppose d + 78 = -5*v. Let k = 31 + v. What are the prime factors of k?
3, 5
Let p(h) = 2*h + 17. List the prime factors of p(-5).
7
Suppose -23*z + 1307 = -8399. List the prime factors of z.
2, 211
Let s(z) be the first derivative of -z**4/4 + 2*z**3 - 5*z**2/2 + 2*z - 2. List the prime factors of s(5).
2
Let y = -34 - -135. List the prime factors of y.
101
Let q = -28 - -1. Let i = 60 + q. List the prime factors of i.
3, 11
Let l = 4 - 2. Suppose 5*u = l*w + 15, 0 = 5*w - 0*w. Suppose -21 = -u*a - 0*a. List the prime factors of a.
7
Let b = 37 - 14. What are the prime factors of b?
23
Let c be ((-25)/(-10))/(1/(-2)). Let m(r) = -r**2 - 6*r + 5. What are the prime factors of m(c)?
2, 5
Let n = 686 + -411. What are the prime factors of n?
5, 11
Let j(x) be the third derivative of -4*x**2 + 1/8*x**4 - 4/3*x**3 + 0 + 0*x. What are the prime factors of j(6)?
2, 5
Suppose 7 + 7 = -5*r - 2*o, 0 = -2*r + 5*o - 23. List the prime factors of (-3 - r)/((-3)/(-66)).
2, 11
Let l(g) = g**3 + 5*g**2 - 3*g + 3. Let m be l(3). Suppose 5*v + m = 8*v. Suppose 3 = -f - 3*o, -4*f + 0*o = -5*o - v. List the prime factors of f.
3
Suppose 6 = -w + 3*w. Let i(m) = m**2 - 3*m**2 + w*m**2 - 7*m - 7. What are the prime factors of i(9)?
11
Let f(i) = -i**2 + i + 113. Let z be f(0). Suppose 2*o - 58 - 84 = -3*n, 5*o - z = -2*n. What are the prime factors of n?
2, 11
Let t(l) = l**3 + 12*l**2 - l - 2. List the prime factors of t(-11).
2, 5, 13
Suppose -18*b + 2952 = -10*b. List the prime factors of b.
3, 41
Let g(q) be the second derivative of q**5/20 + 2*q**4/3 + 2*q**3/3 - q**2/2 - 2*q. Let y be g(-7). List the prime factors of (-1)/(-3) - y/(-3).
7
Suppose 13*m - 4278 = -937. What are the prime factors of m?
257
Suppose -3*r - 2*i - 212 = -4, 315 = -5*r + 3*i. Let q = r - -93. What are the prime factors of q?
3
Let s(y) = 2*y - 19. Let l be s(11). What are the prime factors of (-70)/l*(-3)/2?
5, 7
What are the prime factors of (1532/(-40)*-4)/(14/35)?
383
Let w be 10/15 - (-2)/6. Let h be w + -2 - 34*-1. What are the prime factors of h/3 + 1*-1?
2, 5
Let j = -9 - -6. Let y(r) = r**3 + 5*r**2 + 4*r + 4. What are the prime factors of y(j)?
2, 5
Suppose 5*a - 135 = -2*i + 3*i, 2*a + i = 54. Suppose 3 = 5*j - a. What are the prime factors of j?
2, 3
Suppose b + b = 10. What are the prime factors of 34/b - 6/(-30)?
7
Let x be (-1 + 6/9)*-48. Let u = x - 10. What are the prime factors of u?
2, 3
Let q(j) = j - 13. Let l be q(8). What are the prime factors of (4/6)/(l/(-135))?
2, 3
Let k(g) = -g**2 - 8*g - 10. Let d be k(-7). Let i = 7 + d. List the prime factors of i.
2
Suppose -2*k + 5*k - 26 = c, -3*c = -2*k + 15. Let j = k - 7. What are the prime factors of (11 - 5)/(4/j)?
3
Let q = -6 - -1. Let k(r) be the second derivative of -r**3/3 - r**2 + 4*r. What are the prime factors of k(q)?
2
What are the prime factors of (-5352)/(-16) + (5/(-2) - -1)?
3, 37
Let i(n) = -2*n + 1. Let z be i(-2). Suppose 3*r + 24 = z*r - 2*c, 81 = 5*r + 2*c. Suppose 21 = -4*o + 3*o + 5*s, 3*s - r = 0. What are the prime factors of o?
2
Let i = 120 + 37. What are the prime factors of i?
157
Let u(x) = x**3 - 2*x**2 - 4. What are the prime factors of u(4)?
2, 7
Let g = -34 + 158. What are the prime factors of g?
2, 31
Suppose 2*s - 78 = 3*r, 0 = -2*s + 2 - 8. Let b = 49 + r. List the prime factors of b.
3, 7
Let l be 4/(-6) + 440/12. Let v(o) = o + 5. Let m be v(-5). Suppose 0*i + u = 2*i - 24, m = -3*i - u + l. What are the prime factors of i?
2, 3
Let z = -8 - -4. List the prime factors of ((-540)/50)/(z/10).
3
Let p = 10 - -29. List the prime factors of p.
3, 13
Suppose -2*m - 5*m = -77. What are the prime factors of m?
11
Let j = 53 - 12. Suppose -2*a + 66 = 2*v, -j = -2*a + 3*v - 0*v. List the prime factors of a.
2, 7
Let x = 25 - 41. Let n = x - -4. Let y = n + 20. What are the prime factors of y?
2
Suppose 0 = -g + 3*a - 8*a + 3, 4*g + 5*a - 12 = 0. Suppose -g*s + 3 = -9. Let o(u) = -u**2 + 6*u - 6. What are the prime factors of o(s)?
2
Suppose -5*n + 4*n + 23 = 0. Suppose -2 = -5*g - u + n, 5*g - 5*u - 55 = 0. Let s = g - 3. List the prime factors of s.
3
Let c = 517 + -360. List the prime factors of c.
157
Let s be (-6)/2 + (11 - 4). Suppose 5 = -s*k + 57. What are the prime factors of k?
13
Let w(i) = i**3 + 10*i**2 + 7*i + 10. What are the prime factors of w(-8)?
2, 41
Let c(k) = 11*k - 2. What are the prime factors of c(4)?
2, 3, 7
Let p(l) = -l**3 - 2*l**2 - 2*l - 2. Let j(n) = -n**2 - 5*n - 3. Let i = -8 - -3. Let d be j(i). What are the prime factors of p(d)?
13
Let s = 54 + -110. What are the prime factors of (-966)/s - (-2)/(-8)?
17
List the prime factors of (69/(-12))/(4/(-32)).
2, 23
Let c = 15 - 25. What are the prime factors of (19 + -1)*c/(-15)?
2, 3
Suppose 4*d - 6 = -2*b + 2*d, 5*d = -b - 9. What are the prime factors of 230/(-15)*b/(-4)?
23
Let w = -3 + 6. Let s = w + 1. List the prime factors of s.
2
Suppose -17 = l + 2*m - 41, -4*l = 4*m - 104. What are the prime factors of l?
2, 7
Let j be 3*3 - (-6)/(-3). Suppose j = 5*c - 3. List the prime factors of c.
2
Let h(f) = -f**2 + f + 6. Let i be h(0). What are the prime factors of ((-20)/i)/(1/(-3))?
2, 5
Let n be (-58)/10 - (-2)/(-10). Let o(f) = -3*f - 7. What are the prime factors of o(n)?
11
Let l(t) = 3*t + 1. Let r be l(6). Let z = r - 8. What are the prime factors of z?
11
Suppose -477 = -3*a - 2*d, -5*a + 3*d - 5*d + 799 = 0. List the prime factors of a.
7, 23
Let c be (21/6 + 0)*-2. Let w be (0 - 2) + (c - -20). Let z = w - -1. What are the prime factors of z?
2, 3
Let t = -52 + 115. What are the prime factors of t?
3, 7
Let o(u) = 1 + 3 - 8 - 3 - 5*u. List the prime factors of o(-5).
2, 3
Let f(h) = h**3 + h**2 + 2*h - 1. Let a be f(2). Let n = -9 + a. What are the prime factors of n?
2, 3
Let y = 46 - 24. List the prime factors of y.
2, 11
Suppose 21 = -2*i + 65. What are the 